e 9) to base 12
61a978b
Convert 111100010001100101110001 (base 2) to base 7.
251206102
-14a222a (base 11) to base 4
-21302033313
What is -122110101210020 (base 3) in base 7?
-141603120
What is -101011110110011001000 (base 2) in base 6?
-50444104
31233110 (base 4) to base 2
1101101111010100
Convert 697866 (base 15) to base 16.
4cdd54
533330543 (base 6) to base 12
3196a53
Convert 3423126 (base 7) to base 13.
11bc20
1501656 (base 10) to base 4
11232213120
Convert 23321322210 (base 4) to base 16.
2f9ea4
What is -18ccb (base 13) in base 2?
-1011110011001100
87b036 (base 13) to base 15
4317a8
-565a1a (base 13) to base 15
-2a4904
What is c7a74c (base 13) in base 7?
54524260
Convert -10011011110110001 (base 2) to base 16.
-137b1
Convert 1302555 (base 6) to base 8.
211747
10100101010101100 (base 2) to base 10
84652
121b74 (base 14) to base 3
1011111000022
150a796 (base 11) to base 16
278966
-20a1cc (base 16) to base 4
-20022013030
Convert -449853 (base 16) to base 10.
-4495443
-300132440 (base 5) to base 15
-183c30
6655272 (base 9) to base 3
20201212022102
Convert 2b8841 (base 15) to base 3.
10221220210221
Convert 13112242 (base 6) to base 15.
873db
What is 293170 (base 16) in base 6?
133510144
2ea6e (base 16) to base 10
191086
What is 1305023 (base 6) in base 14?
1bc91
496a6 (base 12) to base 11
68822
What is 4858818 (base 10) in base 14?
9069c6
Convert -21016148 (base 9) to base 2.
-100110100011111000010111
16bd7e (base 16) to base 7
15444622
795333 (base 11) to base 5
311004210
What is 23017b5 (base 12) in base 15?
8cb792
-2647272 (base 8) to base 13
-1cc3bb
What is 110322535 (base 7) in base 16?
65632c
-11111110101110111000110 (base 2) to base 5
-4114101303
What is -27a829 (base 12) in base 10?
-661281
What is -33701716 (base 8) in base 6?
-420350234
Convert -64803 (base 15) to base 5.
-40202203
Convert -122132230 (base 4) to base 15.
-2220a
2757ba (base 14) to base 7
14362323
What is -6300444 (base 7) in base 6?
-24114303
Convert -210211220110110 (base 3) to base 15.
-10454e9
What is -10234325 (base 6) in base 5?
-34102430
Convert 2b0b09 (base 16) to base 14.
53602d
Convert -44217 (base 11) to base 6.
-1212552
47a0c (base 16) to base 11
190477
35103422 (base 7) to base 15
40ba32
What is -533001 (base 6) in base 13?
-169ba
Convert 138aa (base 13) to base 4.
20330210
What is -2426232 (base 8) in base 9?
-1225574
What is 3b44d0 (base 16) in base 13?
a5cc89
Convert 1000331404 (base 5) to base 6.
110035220
Convert -12222213022 (base 4) to base 12.
-70328a
What is 20811878 (base 9) in base 12?
3445a2b
-1010100210212 (base 3) to base 5
-123111031
What is 303403 (base 9) in base 4?
223313031
What is 35313 (base 8) in base 11?
10343
Convert 3516a (base 13) to base 8.
275235
6088 (base 13) to base 2
11001111101110
Convert -4206800 (base 10) to base 3.
-21220201122102
Convert -1245320 (base 6) to base 7.
-403656
Convert 3202133032 (base 4) to base 2.
11100010011111001110
What is 5cc4 (base 15) in base 8?
46457
What is 20063003 (base 8) in base 12?
14b6457
11885816 (base 9) to base 15
7a6683
Convert -10604644 (base 7) to base 4.
-3202012003
-4454553 (base 6) to base 5
-24202120
What is 25415422 (base 6) in base 14?
177446
-210973 (base 10) to base 8
-634035
17443 (base 8) to base 13
3822
What is -2288917 (base 10) in base 2?
-1000101110110100010101
What is -30122111 (base 5) in base 2?
-111010010110110111
What is 10d9359 (base 14) in base 3?
120011012102200
What is -132043300 (base 5) in base 16?
-a0f00
Convert 2412003 (base 9) to base 2.
100111111000111011100
Convert 2343013 (base 7) to base 6.
10204014
Convert -ac71 (base 16) to base 12.
-21669
What is -4652053 (base 7) in base 4?
-2032213213
What is 82a312 (base 11) in base 5?
320101001
What is 1260465 (base 9) in base 3?
1022000112012
What is 34310231 (base 5) in base 13?
a992b
100211 (base 3) to base 14
14d
What is 1101001010010010 (base 2) in base 14?
15906
What is -13033421 (base 5) in base 15?
-27b0b
Convert -392838 (base 10) to base 7.
-3224205
11767261 (base 10) to base 8
54706735
What is -4300025 (base 8) in base 6?
-40325421
What is 215113322 (base 6) in base 3?
21022020111112
Convert -11300333230 (base 4) to base 2.
-101110000111111101100
1056247 (base 9) to base 7
4556245
Convert 1001000010111100111011 (base 2) to base 12.
9643b7
-3330243301 (base 5) to base 7
-115556256
Convert -59872 (base 11) to base 4.
-111003113
-12000110101 (base 3) to base 11
-68212
Convert 34624 (base 8) to base 13.
692b
Convert 1121020 (base 5) to base 2.
100111010100111
What is 8b168 (base 13) in base 15?
4ee0a
Convert -20134413 (base 6) to base 14.
-10c929
Convert 537563 (base 15) to base 16.
3ca1d9
Convert -294290 (base 11) to base 16.
-70310
Convert 105011253 (base 6) to base 9.
3537186
Convert 42073 (base 9) to base 10.
27768
Convert -358ecf (base 16) to base 7.
-41556066
-28519 (base 11) to base 3
-2001122001
-12153557 (base 9) to base 11
-3398088
1aea70 (base 15) to base 11
819174
What is 42441440 (base 6) in base 11?
783a37
11421210121 (base 5) to base 7
222260042
1033321320 (base 4) to base 14
873ba
Convert 1113101203 (base 4) to base 9.
604324
-4115412 (base 7) to base 2
-1111000000011001100
2a22b0 (base 12) to base 9
1300376
-6b847d (base 16) to base 10
-7046269
-1063542 (base 11) to base 7
-21562360
What is -171755a (base 11) in base 5?
-1222023141
What is -596513 (base 12) in base 13?
-3b63b5
-773677 (base 8) to base 5
-31310111
Convert -333078 (base 10) to base 8.
-1212426
What is b62b (base 12) in base 9?
30268
Convert -2396 (base 13) to base 15.
-174e
73110 (base 15) to base 10
364740
1300001 (base 5) to base 13
b4c2
2455841 (base 14) to base 12
59bb8a9
Convert -3129a3 (base 11) to base 13.
-147451
What is -84b75 (base 14) in base 5?
-40224223
What is 3500224 (base 6) in base 10?
178936
17760072 (base 8) to base 11
23aa14a
-1011100100000001010000 (base 2) to base 15
-3ed19a
What is 111300310123 (base 4) in base 2?
10101110000110100011011
What is 1a6baf (base 16) in base 6?
101040115
What is -1353303542 (base 6) in base 9?
-34343148
Convert -300010241 (base 5) to base 8.
-4362133
Convert 711342 (base 9) to base 13.
119780
-283353 (base 9) to base 16
-2a408
1052334 (base 8) to base 9
472348
What is -3116653 (base 9) in base 6?
-55403333
What is -178e1 (base 16) in base 9?
-156311
Convert 32011203 (base 4) to base 8.
160543
What is -4100322 (base 7) in base 3?
-220202211000
Convert -3a2558 (base 11) to base 13.
-1920c1
What is 16517702 (base 8) in base 14?
7201d8
Convert 58591 (base 15) to base 5.
33001021
What is -744535 (base 10) in base 11?
-469420
Convert 21110122001 (base 3) to base 2.
100011111000101101
What is -105242 (base 6) in base 2?
-10001011111010
-13450540 (base 6) to base 16
-6fbdc
-1b2a017 (base 12) to base 2
-10110000011100110010011
Convert -4741df (base 16) to base 5.
-2143414134
Convert -1416603 (base 7) to base 2.
-101110010011000001
What is 318a27 (base 14) in base 12?
68998b
What is 22010212200 (base 3) in base 2?
100111001000100010
Convert 1100011100100001110000 (base 2) to base 8.
14344160
-293cbb (base 14) to base 8
-5355115
42006575 (base 8) to base 15
bb1d34
What is -3536433 (base 8) in base 4?
-3223310123
Convert -8ab224 (base 13) to base 11.
-1940753
-11021102101 (base 3) to base 8
-244256
Convert -61070 (base 13) to base 7.
-1322165
What is -202102021 (base 5) in base 10?
-815886
-148b16 (base 16) to base 13
-381a57
-6437222 (base 10) to base 4
-120203211212
Convert -11210210201111 (base 3) to base 8.
-11576076
What is -185909 (base 11) in base 2?
-1000101110011101100
Convert a57a2 (base 11) to base 10.
154024
1301942 (base 14) to base 9
18182101
21002221100001 (base 3) to base 5
1431343142
-ba8091 (base 14) to base 4
-120013201333
-1220302221 (base 4) to base 8
-1506251
What is 6647723 (base 10) in base 14?
c508d5
What is -1490e0 (base 16) in base 11?
-8406a0
What is -ac41 (base 15) in base 10?
-36511
Convert 101020122122110 (base 3) to base 4.
110301123330
Convert 447523 (base 8) to base 16.
24f53
What is -51344203 (base 7) in base 15?
-59d227
What is -12512623 (base 7) in base 11?
-713238
What is -101310442 (base 5) in base 8?
-1455164
Convert 13102403 (base 5) to base 12.
62426
What is -21110111021100 (base 3) in base 14?
-75346a
221025560 (base 7) to base 9
27022655
-